90084 a multiple of 26?
True
Is 30 a factor of 367828?
False
Does 27 divide 6966?
True
Is 48363 a multiple of 147?
True
Is 14 a factor of 510580?
True
Is 93584 a multiple of 6?
False
Is 123123 a multiple of 41?
True
Is 126 a factor of 3468024?
True
Does 2747 divide 22812845?
False
Does 16 divide 221682?
False
Is 687814 a multiple of 821?
False
Is 8 a factor of 2435231?
False
Is 9054985 a multiple of 480?
False
Is 299047 a multiple of 49?
True
Is 8 a factor of 137888?
True
Does 617 divide 2988131?
True
Is 153176 a multiple of 41?
True
Does 100 divide 371700?
True
Does 14 divide 175800?
False
Is 12 a factor of 2560710?
False
Does 72 divide 7753464?
True
Does 15 divide 157905?
True
Does 63 divide 183499?
False
Does 318 divide 7766514?
True
Is 889416 a multiple of 1123?
True
Is 135048 a multiple of 331?
True
Does 20 divide 1363200?
True
Is 23664 a multiple of 116?
True
Is 8 a factor of 691768?
True
Is 6085836 a multiple of 639?
True
Is 11170742 a multiple of 490?
False
Is 878327 a multiple of 28?
False
Does 104 divide 2055976?
True
Is 269082 a multiple of 453?
True
Is 163140 a multiple of 30?
True
Does 2 divide 48887?
False
Is 4 a factor of 96386?
False
Is 232238 a multiple of 302?
True
Is 2707025 a multiple of 494?
False
Is 460 a factor of 240982?
False
Is 57 a factor of 343254?
True
Is 778620 a multiple of 228?
True
Is 6894 a multiple of 35?
False
Is 4932060 a multiple of 420?
True
Does 3 divide 1824033?
True
Is 270 a factor of 20520?
True
Is 811546 a multiple of 133?
False
Does 5 divide 177969?
False
Does 26 divide 64948?
True
Is 30030 a multiple of 546?
True
Does 25 divide 1392600?
True
Is 1386854 a multiple of 59?
True
Does 106 divide 249773?
False
Is 544629 a multiple of 181?
True
Does 4 divide 163360?
True
Is 1691323 a multiple of 157?
False
Is 1696776 a multiple of 732?
True
Is 197889 a multiple of 3?
True
Is 235 a factor of 645897?
False
Does 124 divide 4578061?
False
Is 33 a factor of 38709?
True
Does 14 divide 13143788?
True
Does 93 divide 2144197?
False
Is 69 a factor of 258315?
False
Is 715802 a multiple of 37?
True
Is 10474403 a multiple of 22?
False
Does 7 divide 7638687?
True
Does 15 divide 726980?
False
Does 659 divide 837589?
True
Is 400 a factor of 94800?
True
Does 42 divide 3140238?
False
Is 15 a factor of 639864?
False
Is 1001382 a multiple of 7?
False
Is 130594 a multiple of 46?
True
Is 802152 a multiple of 468?
True
Is 307013 a multiple of 3?
False
Does 127 divide 158600?
False
Is 38 a factor of 31330?
False
Is 7995 a multiple of 46?
False
Is 3 a factor of 381990?
True
Does 219 divide 215836?
False
Is 17 a factor of 1342337?
True
Does 6 divide 714648?
True
Does 27 divide 274590?
True
Is 18 a factor of 861053?
False
Does 192 divide 3256128?
True
Is 106767 a multiple of 29?
False
Is 51 a factor of 7353129?
True
Is 5433356 a multiple of 136?
False
Does 16 divide 139936?
True
Does 98 divide 42144?
False
Is 305 a factor of 434625?
True
Is 389 a factor of 58350?
True
Is 156 a factor of 4688588?
False
Does 406 divide 125454?
True
Is 1720814 a multiple of 13?
False
Is 12516953 a multiple of 19?
True
Is 7 a factor of 10227?
True
Is 7 a factor of 1152613?
True
Is 7805108 a multiple of 630?
False
Is 312 a factor of 108027?
False
Does 34 divide 92514?
True
Is 2 a factor of 23407?
False
Is 7 a factor of 883477?
True
Is 2 a factor of 729564?
True
Is 28 a factor of 98745?
False
Is 132 a factor of 323104?
False
Does 104 divide 395408?
True
Does 138 divide 880006?
False
Is 13153137 a multiple of 32?
False
Is 21 a factor of 16158266?
False
Is 61 a factor of 249418?
False
Does 20 divide 105180?
True
Is 667470 a multiple of 15?
True
Is 275706 a multiple of 76?
False
Is 847014 a multiple of 7?
True
Is 2261853 a multiple of 201?
True
Is 28 a factor of 108416?
True
Is 1810900 a multiple of 5?
True
Is 46 a factor of 364619?
False
Is 46863 a multiple of 3?
True
Is 23 a factor of 364389?
True
Is 10 a factor of 491151?
False
Is 846 a factor of 914897?
False
Is 107 a factor of 12873170?
True
Does 1439 divide 1821183?
False
Does 12 divide 7961320?
False
Is 570075 a multiple of 75?
True
Is 150 a factor of 476613?
False
Is 135 a factor of 989662?
False
Does 15 divide 2053555?
False
Is 30046 a multiple of 181?
True
Does 1160 divide 7638241?
False
Does 77 divide 248096?
False
Is 1573253 a multiple of 7?
False
Is 414900 a multiple of 150?
True
Is 1357980 even?
True
Is 122 a factor of 68930?
True
Is 2044380 a multiple of 39?
True
Is 642 a factor of 221490?
True
Does 480 divide 9467520?
True
Does 5 divide 400290?
True
Is 122094 a multiple of 126?
True
Is 84 a factor of 253753?
False
Does 3 divide 1432?
False
Does 92 divide 98882?
False
Is 230883 a multiple of 43?
False
Is 3298759 a multiple of 545?
False
Does 10 divide 6519837?
False
Is 155 a factor of 16740?
True
Is 1195992 a multiple of 252?
True
Is 230 a factor of 157974?
False
Does 237 divide 1741598?
False
Is 10 a factor of 2953331?
False
Is 8177720 a multiple of 40?
True
Is 292 a factor of 184602?
False
Is 5 a factor of 87152?
False
Is 969264 a multiple of 762?
True
Is 12192 a multiple of 32?
True
Is 14 a factor of 437579?
False
Does 23 divide 1155198?
True
Is 16 a factor of 337216?
True
Does 17 divide 1606013?
False
Is 3 a factor of 78667?
False
Is 25 a factor of 5941725?
True
Is 4 a factor of 658247?
False
Is 952 a factor of 1639344?
True
Does 582 divide 248302?
False
Is 6016864 a multiple of 16?
True
Is 12754866 a multiple of 1008?
False
Does 11 divide 838359?
False
Does 27 divide 208926?
True
Does 67 divide 234835?
True
Does 29 divide 4634432?
True
Is 37116 even?
True
Is 4 a factor of 868764?
True
Is 37 a factor of 100307?
True
Is 1533 a factor of 7439649?
True
Is 4681200 a multiple of 100?
True
Is 15116 a multiple of 7?
False
Is 108240 a multiple of 48?
True
Does 74 divide 3163278?
True
Does 14 divide 2415406?
True
Is 150 a factor of 5436201?
False
Is 5389840 a multiple of 3?
False
Is 111844 a multiple of 18?
False
Is 583128 a multiple of 102?
False
Does 10 divide 2715619?
False
Is 3616404 a multiple of 45?
False
Is 128 a factor of 46262?
False
Is 42 a factor of 1722880?
False
Does 74 divide 5952665?
False
Is 1656900 a multiple of 180?
True
Does 223 divide 127779?
True
Does 108 divide 4619656?
False
Is 23 a factor of 444039?
False
Is 8 a factor of 322147?
False
Is 68 a factor of 530332?
True
Is 148869 a multiple of 207?
False
Is 106 a factor of 69854?
True
Is 4 a factor of 10346?
False
Is 237 a factor of 211457?
False
Is 7 a factor of 75728?
False
Is 6 a factor of 30396?
True
Does 23 divide 6691045?
True
Does 80 divide 2316880?
True
Is 9 a factor of 120047?
False
Does 497 divide 1266419?
False
Does 283 divide 4038127?
True
Is 13 a factor of 771511?
True
Is 31 a factor of 1315205?
False
Is 2715460 a multiple of 20?
True
Is 2501831 a multiple of 465?
False
Is 2354973 a multiple of 62?
False
Is 118 a factor of 309949?
False
Is 80 a factor of 181360?
True
Is 10 a factor of 4150583?
False
Does 42 divide 16374960?
True
Does 8 divide 208016?
True
Is 81 a factor of 673100?
False
Is 613128 a multiple of 247?
False
Is 257065 a multiple of 405?
False
Is 260636 a multiple of 4?
True
Is 69648 a multiple of 8?
True
Does 43 divide 4815498?
False
Is 2671272 a multiple of 664?
True
Is 110 a factor of 1023550?
True
Is 11 a factor of 5888608?
True
Does 384 divide 582912?
True
Does 75 divide 237525?
True
Is 12 a factor of 1868448?
True
Is 820 a factor of 152361?
False
Does 29 divide 4209698?
True
Is 796635 a multiple of 45?
True
Does 14 divide 501942?
True
Does 23 divide 633959?
False
Is 27 a factor of 231012?
True
Is 104 a factor of 20559032?
True
Is 12623274 a multiple of 414?
True
Is 6861888 a multiple of 114?
True
Is 38 a factor of 189544?
True
Is 7 a factor of 1181?
False
Does 22 divide 24870?
False
Is 7649 a multiple of 24?
False
Is 18 a factor of 242783?
False
Is 652344 a multiple of 413?
False
Does 42 divide 1353744?
True
Is 24 a factor of 32377?
False
Is 16 a factor of 9641694?
False
Does 211 divide 350846?
False
Does 608 divide 347168?
True
Is 194 a factor of 2346205?
False
Is 13299 a multiple of 403?
True
Is 8 a factor of 49296?
True
Is 143 a factor of 373373?
True
Is 620 a factor of 12050320?
True
Is 477 a factor of 187160?
False
Is 55 a factor of 119130?
True
Is 5220917 a multiple of 18?
False
Is 9184